 = 39. Suppose 0 = 57*y - 65*y + 264. Calculate the remainder when o is divided by 749/77 - (-9)/y.
6
Suppose -163 = -7*x + 670. Let m = x - -9. Suppose 0 = -5*b + 5, -4*g + 7*g = -5*b + m. What is the remainder when g is divided by 21?
20
Calculate the remainder when (10/65)/((-4)/(-18824)) is divided by 117.
22
Suppose -3*j - 13*n + 11*n + 49 = 0, 0 = j + 3*n - 14. Calculate the remainder when 344 is divided by j.
4
Let n = -26329 + 33829. What is the remainder when n is divided by 27?
21
Suppose -z + 2*u - 477 + 1190 = 0, 0 = -4*z + 3*u + 2867. What is the remainder when z is divided by 104?
95
Let o = 217 - 173. Suppose -78*p = -80*p + o. What is the remainder when p is divided by 7?
1
Suppose -5*z - 61 = -3*n, -57 = -5*n + 5*z + 28. Let d = n - 13. What is the remainder when (3/6)/(d/(-282)*3) is divided by 12?
11
Suppose 63*g = 4448 + 8908. Calculate the remainder when g is divided by 12.
8
Suppose 2*d - 30 = c, 12 = 9*d - 5*c - 120. Let g(k) = 6*k**2 - k + 2. What is the remainder when g(-5) is divided by d?
13
Let w = 227 - 15. Suppose 6 = -3*r, 9*m + 4*r = 7*m + w. Calculate the remainder when m is divided by 100/6 + 6/(-9).
14
Let j = -11 - -31. Let q(c) = 64*c - 180. Suppose -v = -3*n - 6, -4*n - 8 + 7 = v. Calculate the remainder when j is divided by q(v).
8
Suppose -3*v = 4*k - 6 + 2, 0 = v - 3*k - 10. Suppose -2*t = -v*n - 44 + 6, 4*t - 3*n = 101. Calculate the remainder when 143 is divided by t.
27
What is the remainder when (-5)/(2*75/(-106170)) is divided by 10?
9
Let a(c) = c**2 + 135*c + 2920. What is the remainder when a(-18) is divided by 206?
196
Suppose 79*c - 2843 = -5*a + 80*c, 5*a - 2839 = 3*c. What is the remainder when a is divided by 122?
81
Let q(o) = 4*o**2 + 58*o - 48. Calculate the remainder when 12285 is divided by q(-16).
45
Suppose 5*r = -2*a + 1417, -r + 24*a - 30*a = -233. What is the remainder when r is divided by 207?
80
Suppose 0 = -5*x - 2*s + 7748, 2*s - 619 = -x + 937. Calculate the remainder when x is divided by 218.
22
Suppose 4*p - 83 = -5*f, 39 - 10 = 2*p + 5*f. What is the remainder when ((-78)/(-8))/((-7)/(-56)) - (-152)/(-76) is divided by p?
22
Calculate the remainder when (-64)/(-96)*-2*(-501)/4 is divided by 44/3 - (-2)/(-3).
13
Let k = 419 - 415. Suppose 3*t + 3*z = 372 + 204, -772 = -k*t - 2*z. What is the remainder when t is divided by 22?
18
Let r = -1812 + 2984. What is the remainder when r is divided by 84?
80
Let u(a) = 2*a**3 - 2*a**2 - 7*a + 9. Suppose 0 = 92*r - 93*r + 3. Calculate the remainder when 58 is divided by u(r).
10
Let n(z) = 38*z + 3629. Calculate the remainder when 851 is divided by n(-86).
129
Let d = 70571 - 70543. Suppose -5*g + 0*g - 420 = -5*c, -4*c - 3*g + 357 = 0. Calculate the remainder when c is divided by d.
3
Let c = -18 - 236. Let i = -165 - c. Calculate the remainder when i is divided by 38.
13
Let g(l) = 31*l + 1054. What is the remainder when g(-24) is divided by 52?
50
Let m(w) = -3*w**2 + 17*w - 3. Let i be m(5). What is the remainder when 34 is divided by (i/(-1))/(4 + -5)?
6
Let w(n) = -n**2 - 3*n + 60. Suppose -4*d = -3*y - 32, -18 = y - 12*d + 7*d. What is the remainder when w(y) is divided by 17?
3
Let c(l) be the third derivative of -l**5/60 - l**4/3 - 3*l**3/2 - 2*l**2. Calculate the remainder when ((-333)/74)/(1*(2 + (-15)/6)) is divided by c(-6).
0
Suppose 0 = -2*i + 10, -4*r - 40 = -3*i - 145. Calculate the remainder when 2335 is divided by r.
25
Let c(x) = -x**3 - 7*x**2 + 2*x - 1. What is the remainder when c(-8) is divided by (4 + 77/33)*(4 - 1)?
9
Suppose j - r - 13 = 0, 23*j - 3*r = 19*j + 51. Calculate the remainder when 260 is divided by j.
8
Let j(v) = v**3 + 6*v**2 - 2*v + 4. Calculate the remainder when ((-342)/10 + (43 - 34))*(-8 + 3) is divided by j(-6).
14
Suppose 75 = -7*n - 401. Let a(u) = -20*u + 23. Let x be a(-4). Let b = x + n. What is the remainder when b is divided by 9?
8
Let p = 8 + 31. Let l(v) = v**2 - 10*v + 3. Let k be l(13). Calculate the remainder when p is divided by 600/k + 1 + (-18)/14.
11
Suppose -9*m = 5*v - 4771, -5*m = -6*v + 3*v - 2639. Calculate the remainder when m is divided by 22.
1
Let f(j) = j + 12. Let s = 4500 - 4436. Calculate the remainder when s is divided by f(10).
20
Suppose 2*d - 172 = -4*b + 120, -3*b - 4*d = -229. Suppose -5*z = -616 + b. What is the remainder when z is divided by 3?
1
Suppose 4 = -i, 1 = 2*y + i - 3. Suppose -y*x + 93 + 55 = 0. Calculate the remainder when x is divided by ((-48)/8 - 8)*(-3 - -2).
9
Suppose 2*a - 809*u - 3068 = -804*u, -3*a - 5*u + 4577 = 0. Calculate the remainder when a is divided by 30.
29
Suppose -266*y + 268*y = 148. Calculate the remainder when 1046 is divided by y.
10
Suppose 57*g + 65040 = 427560. Suppose 62*v = 74*v - g. Calculate the remainder when v is divided by 7.
5
Calculate the remainder when 84/(-10)*(-744 + -11) is divided by 27.
24
Let k = -2579 - -2755. Let n(g) = g + 22. What is the remainder when k is divided by n(-7)?
11
Let t(x) = 9*x**2 + 3*x - 1. Let h be 8 - 681/(-9)*-6. Let o = -434 - h. What is the remainder when t(-3) is divided by o?
11
Suppose -274*b = -185*b - 20292. Let i(u) = u**3 + 10*u**2 + 6*u - 6. Calculate the remainder when b is divided by i(-9).
18
Suppose -12 = -5*t - 3*w, -5*w - 8 = -4*t + 3*t. Suppose 0 = -4*n + t*u + 179, -n = 3*u - 31 - 10. Calculate the remainder when 260 is divided by n.
40
Let y(o) be the first derivative of -35*o**4/4 - 13. Let i be y(1). Let n = i - -53. Calculate the remainder when n is divided by 5.
3
Suppose -4*k + 36 = a, -11 - 52 = -2*a - 5*k. Let s be -2 - -8 - 524*-1. Suppose -19*y + a*y - s = 0. Calculate the remainder when y is divided by 22.
18
Suppose 0 = 257*x - 261*x + 3364. Let l = x - 473. What is the remainder when l is divided by 12?
8
Let x(f) = -6*f**2 + 7*f - 1. Let n be x(1). Suppose 5*s - 1663 + 558 = n. Calculate the remainder when s is divided by 71.
8
Suppose -2*u + 7*u + 3*i = 68, 3*u + i = 44. Suppose u*h = 3142 + 1018. What is the remainder when h is divided by 24?
20
Let u(c) = c**3 - 29*c**2 + 27*c + 30. Let p be u(28). Suppose -p*a - 2*t - 242 = -5*a, 0 = a + t - 89. What is the remainder when a is divided by 44?
40
What is the remainder when 1906/2 - (-341 - -366) is divided by 296?
40
Suppose -5*s - 47 = -62. Suppose 3*x + 5*t - 26 = 2*x, s*x = 3*t + 42. Calculate the remainder when 45 is divided by x.
13
Suppose 5*y + 0*v = 2*v + 124, -5*y + 142 = 4*v. Let j = 158 - 185. Let q = j + 34. What is the remainder when y is divided by q?
5
Let g = 7873 - 7759. Calculate the remainder when 207 is divided by g.
93
Suppose 66 = 2*v + 4*v. Suppose -17*o + 5372 - 1785 = 0. Suppose 5*j + 3*y - 255 = 0, -4*j - 3*y + 2*y = -o. Calculate the remainder when j is divided by v.
10
Let m(d) = -d**2 - 9*d + 5. Let z be m(7). Let j = z + 126. What is the remainder when 149 is divided by j?
16
Let l = 6784 - 6650. What is the remainder when l is divided by (-2)/(-6) + (-113)/(-3)?
20
Let f(a) = a**2 - 20*a - 42. Let n be f(22). Suppose -n*h + 3*z + 29 = 2*z, z = 3*h - 45. What is the remainder when 56 is divided by h?
8
Suppose -70 = -3*q - 5*z + 41, 5*q = 2*z + 185. What is the remainder when 64*2 + 1*(-4 - 0) is divided by q?
13
Let f = -100 - -201. Suppose 109*i - f*i - 160 = 0. Calculate the remainder when 338 is divided by i.
18
Calculate the remainder when ((-21725)/(-24) + ((-210)/80)/(-21))*6 is divided by 143.
141
Let k(z) = -34*z - 136. Calculate the remainder when 2446 is divided by k(-6).
66
Let s = 60 + -51. Suppose 0 = j - 4*k - 27, 2*j - 17 = -2*k + 47. Calculate the remainder when j is divided by (12/(-1))/((s/12)/(-1)).
15
Suppose -471 = 4*l + 3*o, -14*l + 16*l - 2*o = -232. Let q = -44 - l. Calculate the remainder when q is divided by 16.
9
Let x = -9526 - -9634. Calculate the remainder when 360 is divided by x.
36
Suppose -129 = -2*q - 177*s + 180*s, -3*q - 5*s + 127 = 0. What is the remainder when 510 is divided by q?
24
Suppose 4668*c - 78 = 4655*c + 390. Calculate the remainder when 2373 is divided by c.
33
Suppose 72*x - 40*x - 4256 = 0. Calculate the remainder when x is divided by 8.
5
Let j = 404 - 377. Suppose -4*k = -390 + 86. Calculate the remainder when k is divided by j.
22
Suppose 0 = 5*w + 3*l - 153, 38*l - 91 = -3*w + 36*l. What is the rema